{"id":30,"date":"2016-10-06T08:03:51","date_gmt":"2016-10-06T08:03:51","guid":{"rendered":"http:\/\/hamppu.net\/portal\/?page_id=30"},"modified":"2017-01-25T12:39:34","modified_gmt":"2017-01-25T10:39:34","slug":"ota-yhteytta","status":"publish","type":"page","link":"https:\/\/hamppu.net\/portal\/ota-yhteytta\/","title":{"rendered":"Ota yhteytt\u00e4"},"content":{"rendered":"<div id=\"simple-contact-form-wrap\"><p>Voit l\u00e4hett\u00e4\u00e4 viestin Hamppu.netin yll\u00e4pidolle sosiaalisessa mediassa <a href=\"https:\/\/www.facebook.com\/Hamppunet-1372443192801001\/\" target=\"_blank\">Facebookissa<\/a> ja <a href=\"https:\/\/twitter.com\/growguide1\" target=\"_blank\">Twitteriss\u00e4<\/a>. Voit my\u00f6s l\u00e4hett\u00e4\u00e4 viestin oheisella lomakkeella. Vastaamme asiallisiin palautteisiin ja kysymyksiin mahdollisuuksien mukaan.<\/p>\r\n\r\n<p>Hamppuforumiin liittyviss\u00e4 kysymyksiss\u00e4 muistathan aina mainita tunnuksesi tai tunnuksen s\u00e4hk\u00f6postin. Mik\u00e4li loit juuri uuden tunnuksen Hamppuforumille etk\u00e4 saanut vahvistuss\u00e4hk\u00f6postia, muistathan tarkistaa aina ensin s\u00e4hk\u00f6postisi roskaposti- ja sp\u00e4mkansiot ennen yhteydenottoa.<\/p>\n\t\t<div id=\"simple-contact-form\" class=\"scf\">\n\t\t\t<form action=\"#simple-contact-form-wrap\" method=\"post\">\n\t\t\t\t<div class=\"scf-row scf-name\">\n\t\t\t\t\t<label for=\"scf_name\">Nimesi tai k\u00e4ytt\u00e4j\u00e4tunnuksesi:<\/label>\n\t\t\t\t\t<input name=\"scf_name\" id=\"scf_name\" type=\"text\" size=\"33\" maxlength=\"99\" value=\"\" placeholder=\"\" \/>\n\t\t\t\t<\/div>\n\t\t\t\t<div class=\"scf-row scf-email\">\n\t\t\t\t\t<label for=\"scf_email\">S\u00e4hk\u00f6postiosoitteesi:<\/label>\n\t\t\t\t\t<input name=\"scf_email\" id=\"scf_email\" type=\"text\" size=\"33\" maxlength=\"99\" value=\"\" placeholder=\"\" \/>\n\t\t\t\t<\/div>\n\t\t\t\t<div class=\"scf-row scf-subject\">\n\t\t\t\t\t<label for=\"scf_subject\">Aihe:<\/label>\n\t\t\t\t\t<input name=\"scf_subject\" id=\"scf_subject\" type=\"text\" size=\"33\" maxlength=\"99\" value=\"\" placeholder=\"\" \/>\n\t\t\t\t<\/div>\n\t\t\t\t<div class=\"scf-row scf-response\">\n\t\t\t\t\t<label for=\"scf_response\">Suomessa eniten k\u00e4ytetty laiton huumausaine?<\/label>\n\t\t\t\t\t<input name=\"scf_response\" id=\"scf_response\" type=\"text\" size=\"33\" maxlength=\"99\" value=\"\" placeholder=\"\" \/>\n\t\t\t\t<\/div>\n\t\t\t\t<div class=\"scf-row scf-message\">\n\t\t\t\t\t<label for=\"scf_message\">Viestisi:<\/label>\n\t\t\t\t\t<textarea name=\"scf_message\" id=\"scf_message\" cols=\"33\" rows=\"7\" placeholder=\"\"><\/textarea>\n\t\t\t\t<\/div><div class=\"scf-submit\">\n\t\t\t\t\t<input type=\"submit\" id=\"scf-button\" value=\"\">\n\t\t\t\t\t<input type=\"hidden\" id=\"scf-key\" name=\"scf-key\" value=\"process\">\n\t\t\t\t\t<input type=\"hidden\" id=\"scf-nonce\" name=\"scf-nonce\" value=\"aed8ec5f31\" \/>\n\t\t\t\t<\/div>\t<div class=\"scf-confirm-checkbox\">\n\t\t<label><input type=\"checkbox\" required> I consent to having this website store my submitted information so they can respond to my inquiry. See our privacy policy to learn more how we use data.<\/label>\n\t<\/div><!-- .scf-confirm-checkbox -->\n\t<\/form>\n\t\t<\/div>\n\t\t<style>.scf-confirm-checkbox { margin-top: 15px; } .scf-website3dhhsy3 { display: none; } #simple-contact-form .scf-row { width: 100%; overflow: hidden; margin: 5px 0; padding: 5px 0; border: 0; } #simple-contact-form .scf-row input { box-sizing: border-box; float: left; clear: none; width: 75%; margin: 0; } #simple-contact-form .scf-row label { box-sizing: border-box; float: left; clear: both; width: 25%; margin-top: 5px; font-size: 90%; } #simple-contact-form .scf-row textarea { box-sizing: border-box; float: left; clear: both; width: 100%; margin-top: 2px; }#simple-contact-form fieldset { width: 100%; overflow: hidden; margin: 5px 0; padding: 5px 0; border: 0; } #simple-contact-form fieldset input { clear: both; display: block; width: 40%; } #simple-contact-form textarea { float: left; clear: both; width: 65%; } #simple-contact-form label { float: left; clear: both; width: 100%; margin-top: 3px; line-height: 1.8; font-size: 90%; } #scf_success pre { white-space: pre-wrap; }<\/style><\/div>\n","protected":false},"excerpt":{"rendered":"","protected":false},"author":420024,"featured_media":0,"parent":0,"menu_order":0,"comment_status":"closed","ping_status":"closed","template":"","meta":{"_mi_skip_tracking":false},"_links":{"self":[{"href":"https:\/\/hamppu.net\/portal\/wp-json\/wp\/v2\/pages\/30"}],"collection":[{"href":"https:\/\/hamppu.net\/portal\/wp-json\/wp\/v2\/pages"}],"about":[{"href":"https:\/\/hamppu.net\/portal\/wp-json\/wp\/v2\/types\/page"}],"author":[{"embeddable":true,"href":"https:\/\/hamppu.net\/portal\/wp-json\/wp\/v2\/users\/420024"}],"replies":[{"embeddable":true,"href":"https:\/\/hamppu.net\/portal\/wp-json\/wp\/v2\/comments?post=30"}],"version-history":[{"count":4,"href":"https:\/\/hamppu.net\/portal\/wp-json\/wp\/v2\/pages\/30\/revisions"}],"predecessor-version":[{"id":750,"href":"https:\/\/hamppu.net\/portal\/wp-json\/wp\/v2\/pages\/30\/revisions\/750"}],"wp:attachment":[{"href":"https:\/\/hamppu.net\/portal\/wp-json\/wp\/v2\/media?parent=30"}],"curies":[{"name":"wp","href":"https:\/\/api.w.org\/{rel}","templated":true}]}}